{"id":107,"date":"2023-03-14T19:29:53","date_gmt":"2023-03-14T19:29:53","guid":{"rendered":"http:\/\/www.energieberatung-korn.de\/wordpress\/?page_id=107"},"modified":"2023-06-15T06:41:35","modified_gmt":"2023-06-15T05:41:35","slug":"ueber-mich","status":"publish","type":"page","link":"https:\/\/www.energieberatung-korn.de\/?page_id=107","title":{"rendered":"\u00dcber mich"},"content":{"rendered":"\n<p class=\"has-custom-lineheight has-custom-letterspacing\" style=\"line-height:1;letter-spacing:-1px;font-size:40px\">Wer bin ich und was mach ich?<\/p>\n\n\n\n<p>Hallo, mein Name ist Michael Korn. Ich habe als Ingenieur f\u00fcr Elektrotechnik mein Ingenieurb\u00fcro Korn gegr\u00fcndet. Mit diesem Ingenieurb\u00fcro m\u00f6chte ich Ihnen helfen Ihr Wohngeb\u00e4ude fit f\u00fcr die Zukunft zu gestalten.<\/p>\n\n\n\n<p>Hierf\u00fcr biete ich Ihnen meine Leistungen als ausgebildeter Energieberater f\u00fcr Wohngeb\u00e4ude an. Zudem kann ich Sie dabei unterst\u00fctzen ein ganzheitliches Konzept f\u00fcr Ihr Wohngeb\u00e4ude zu entwickeln. Dazu geh\u00f6rt die Planung einer Photovoltaikanlage, genauso wie eine Smarthome-L\u00f6sung mit integrierten Energiemanagementsystem.<\/p>\n\n\n\n<p>Mit solch einer gesamtheitlichen L\u00f6sung k\u00f6nnen Sie dank der Sektorenkopplung (W\u00e4rme, Strom, Mobilit\u00e4t) einen Gro\u00dfteil ihres Energiebedarfs mit Eigenstrom decken und somit langfristig von niedrigen Nebenkosten provitieren. <\/p>\n","protected":false},"excerpt":{"rendered":"<p>Wer bin ich und was mach ich? Hallo, mein Name ist Michael Korn. Ich habe als Ingenieur f\u00fcr Elektrotechnik mein Ingenieurb\u00fcro Korn gegr\u00fcndet. Mit diesem Ingenieurb\u00fcro m\u00f6chte ich Ihnen helfen Ihr Wohngeb\u00e4ude fit f\u00fcr die Zukunft zu gestalten. Hierf\u00fcr biete ich Ihnen meine Leistungen als ausgebildeter Energieberater f\u00fcr Wohngeb\u00e4ude an. Zudem kann ich Sie dabei [&hellip;]<\/p>\n","protected":false},"author":1,"featured_media":0,"parent":0,"menu_order":0,"comment_status":"closed","ping_status":"closed","template":"","meta":{"_coblocks_attr":"","_coblocks_dimensions":"","_coblocks_responsive_height":"","_coblocks_accordion_ie_support":"","hide_page_title":"","footnotes":""},"class_list":["post-107","page","type-page","status-publish","hentry"],"_links":{"self":[{"href":"https:\/\/www.energieberatung-korn.de\/index.php?rest_route=\/wp\/v2\/pages\/107","targetHints":{"allow":["GET"]}}],"collection":[{"href":"https:\/\/www.energieberatung-korn.de\/index.php?rest_route=\/wp\/v2\/pages"}],"about":[{"href":"https:\/\/www.energieberatung-korn.de\/index.php?rest_route=\/wp\/v2\/types\/page"}],"author":[{"embeddable":true,"href":"https:\/\/www.energieberatung-korn.de\/index.php?rest_route=\/wp\/v2\/users\/1"}],"replies":[{"embeddable":true,"href":"https:\/\/www.energieberatung-korn.de\/index.php?rest_route=%2Fwp%2Fv2%2Fcomments&post=107"}],"version-history":[{"count":8,"href":"https:\/\/www.energieberatung-korn.de\/index.php?rest_route=\/wp\/v2\/pages\/107\/revisions"}],"predecessor-version":[{"id":344,"href":"https:\/\/www.energieberatung-korn.de\/index.php?rest_route=\/wp\/v2\/pages\/107\/revisions\/344"}],"wp:attachment":[{"href":"https:\/\/www.energieberatung-korn.de\/index.php?rest_route=%2Fwp%2Fv2%2Fmedia&parent=107"}],"curies":[{"name":"wp","href":"https:\/\/api.w.org\/{rel}","templated":true}]}}