{"id":20,"date":"2023-03-14T18:33:49","date_gmt":"2023-03-14T17:33:49","guid":{"rendered":"http:\/\/www.energieberatung-korn.de\/wordpress\/?page_id=20"},"modified":"2023-03-22T11:10:09","modified_gmt":"2023-03-22T10:10:09","slug":"sanierungsplanung","status":"publish","type":"page","link":"https:\/\/www.energieberatung-korn.de\/?page_id=20","title":{"rendered":"Sanierungsplanung"},"content":{"rendered":"\n<p class=\"has-custom-letterspacing\" style=\"letter-spacing:-1px;font-size:40px\">Sanierungsplanung<\/p>\n\n\n\n<p>Eine Sanierungsplanung vom Energieberater bezieht sich auf einen Prozess, bei dem ein Energieberater eine detaillierte Analyse des energetischen Zustands eines Geb\u00e4udes durchf\u00fchrt und auf dieser Grundlage eine umfassende Sanierungsplanung erstellt. Das Ziel der Sanierungsplanung ist es, eine Liste von empfohlenen Ma\u00dfnahmen zu erstellen, die dazu beitragen, den Energieverbrauch des Geb\u00e4udes zu senken und die Energieeffizienz zu verbessern.<\/p>\n\n\n\n<p>Die Sanierungsplanung beginnt in der Regel mit einer umfassenden Analyse des Geb\u00e4udes, bei der der Energieberater den baulichen Zustand des Geb\u00e4udes, die Heizungs-, L\u00fcftungs- und Klimaanlagen sowie die Verwendung von Strom und Wasser untersucht. Auf der Grundlage dieser Analyse erstellt der Energieberater dann einen Energiebericht, der den aktuellen energetischen Zustand des Geb\u00e4udes beschreibt und aufzeigt, wo Einsparungen m\u00f6glich sind.<\/p>\n\n\n\n<p>Basierend auf dem Energiebericht erstellt der Energieberater dann eine detaillierte Sanierungsplanung, die verschiedene Ma\u00dfnahmen zur Verbesserung der Energieeffizienz des Geb\u00e4udes vorschl\u00e4gt. Hierbei kann es sich zum Beispiel um den Austausch von alten Heizungsanlagen durch moderne, effizientere Systeme, den Einbau von D\u00e4mmungen an W\u00e4nden, D\u00e4chern oder B\u00f6den, oder auch um die Installation von Photovoltaik-Anlagen oder anderen erneuerbaren Energiequellen handeln.<\/p>\n\n\n\n<p>Die Sanierungsplanung beinhaltet auch eine Kosten-Nutzen-Analyse, bei der die Kosten der vorgeschlagenen Ma\u00dfnahmen mit den erwarteten Energieeinsparungen verglichen werden. Hierdurch soll sichergestellt werden, dass die vorgeschlagenen Ma\u00dfnahmen wirtschaftlich sinnvoll sind und sich langfristig rechnen.<\/p>\n\n\n\n<p>Die Sanierungsplanung vom Energieberater ist somit ein wichtiger Schritt, um die Energieeffizienz von Geb\u00e4uden zu verbessern und die Betriebskosten langfristig zu senken. Durch die Umsetzung der vorgeschlagenen Ma\u00dfnahmen k\u00f6nnen Geb\u00e4udeeigent\u00fcmer nicht nur Energie und Kosten sparen, sondern auch einen wichtigen Beitrag zum Umweltschutz leisten.<\/p>\n","protected":false},"excerpt":{"rendered":"<p>Sanierungsplanung Eine Sanierungsplanung vom Energieberater bezieht sich auf einen Prozess, bei dem ein Energieberater eine detaillierte Analyse des energetischen Zustands eines Geb\u00e4udes durchf\u00fchrt und auf dieser Grundlage eine umfassende Sanierungsplanung erstellt. Das Ziel der Sanierungsplanung ist es, eine Liste von empfohlenen Ma\u00dfnahmen zu erstellen, die dazu beitragen, den Energieverbrauch des Geb\u00e4udes zu senken und die [&hellip;]<\/p>\n","protected":false},"author":1,"featured_media":0,"parent":0,"menu_order":0,"comment_status":"closed","ping_status":"closed","template":"","meta":{"_coblocks_attr":"","_coblocks_dimensions":"","_coblocks_responsive_height":"","_coblocks_accordion_ie_support":"","hide_page_title":"","footnotes":""},"class_list":["post-20","page","type-page","status-publish","hentry"],"_links":{"self":[{"href":"https:\/\/www.energieberatung-korn.de\/index.php?rest_route=\/wp\/v2\/pages\/20","targetHints":{"allow":["GET"]}}],"collection":[{"href":"https:\/\/www.energieberatung-korn.de\/index.php?rest_route=\/wp\/v2\/pages"}],"about":[{"href":"https:\/\/www.energieberatung-korn.de\/index.php?rest_route=\/wp\/v2\/types\/page"}],"author":[{"embeddable":true,"href":"https:\/\/www.energieberatung-korn.de\/index.php?rest_route=\/wp\/v2\/users\/1"}],"replies":[{"embeddable":true,"href":"https:\/\/www.energieberatung-korn.de\/index.php?rest_route=%2Fwp%2Fv2%2Fcomments&post=20"}],"version-history":[{"count":6,"href":"https:\/\/www.energieberatung-korn.de\/index.php?rest_route=\/wp\/v2\/pages\/20\/revisions"}],"predecessor-version":[{"id":310,"href":"https:\/\/www.energieberatung-korn.de\/index.php?rest_route=\/wp\/v2\/pages\/20\/revisions\/310"}],"wp:attachment":[{"href":"https:\/\/www.energieberatung-korn.de\/index.php?rest_route=%2Fwp%2Fv2%2Fmedia&parent=20"}],"curies":[{"name":"wp","href":"https:\/\/api.w.org\/{rel}","templated":true}]}}