{"id":23,"date":"2023-03-14T18:33:49","date_gmt":"2023-03-14T18:33:49","guid":{"rendered":"http:\/\/www.energieberatung-korn.de\/wordpress\/?page_id=23"},"modified":"2023-03-22T11:08:31","modified_gmt":"2023-03-22T10:08:31","slug":"bafa","status":"publish","type":"page","link":"https:\/\/www.energieberatung-korn.de\/?page_id=23","title":{"rendered":"Bafa F\u00f6rderungen"},"content":{"rendered":"\n<p class=\"has-custom-letterspacing\" style=\"letter-spacing:-1px;font-size:40px\">Bafa F\u00f6rderungen<\/p>\n\n\n\n<p>Die BAFA F\u00f6rderung Sanierung ist ein F\u00f6rderprogramm des Bundesamts f\u00fcr Wirtschaft und Ausfuhrkontrolle (BAFA), das Hausbesitzer dabei unterst\u00fctzt, ihre Wohngeb\u00e4ude energieeffizienter zu gestalten. Die F\u00f6rderung richtet sich insbesondere an Hausbesitzer, die eine energetische Sanierung ihrer Immobilie planen oder bereits durchgef\u00fchrt haben.<\/p>\n\n\n\n<p>Die BAFA F\u00f6rderung Sanierung umfasst verschiedene F\u00f6rderm\u00f6glichkeiten, die sich an den individuellen Bed\u00fcrfnissen der Hausbesitzer orientieren. Hierzu geh\u00f6ren unter anderem:<\/p>\n\n\n\n<ul class=\"wp-block-list\">\n<li>BAFA-Zuschuss zur Vor-Ort-Beratung: Hierbei k\u00f6nnen Hausbesitzer eine finanzielle Unterst\u00fctzung f\u00fcr eine Energieberatung in Anspruch nehmen. Die Vor-Ort-Beratung wird von einem unabh\u00e4ngigen Energieberater durchgef\u00fchrt und gibt konkrete Handlungsempfehlungen f\u00fcr eine energetische Sanierung.<\/li>\n\n\n\n<li>BAFA-F\u00f6rderung f\u00fcr Einzelma\u00dfnahmen: Hierbei k\u00f6nnen Hausbesitzer eine finanzielle Unterst\u00fctzung f\u00fcr einzelne Sanierungsma\u00dfnahmen wie z.B. den Austausch von Fenstern oder die D\u00e4mmung von W\u00e4nden beantragen.<\/li>\n\n\n\n<li>BAFA-F\u00f6rderung f\u00fcr den Einsatz erneuerbarer Energien: Hierbei k\u00f6nnen Hausbesitzer eine finanzielle Unterst\u00fctzung f\u00fcr den Einsatz erneuerbarer Energien wie z.B. Solaranlagen oder W\u00e4rmepumpen beantragen.<\/li>\n<\/ul>\n\n\n\n<p>Um eine BAFA F\u00f6rderung Sanierung zu beantragen, m\u00fcssen Hausbesitzer in der Regel einen unabh\u00e4ngigen Energieberater beauftragen, der eine Energieberatung durchf\u00fchrt und ein Sanierungskonzept erstellt. Die F\u00f6rdermittel k\u00f6nnen dann bei der BAFA beantragt werden. Bei einem positiven Bescheid k\u00f6nnen die Sanierungsma\u00dfnahmen durchgef\u00fchrt werden.<\/p>\n\n\n\n<p>Die BAFA F\u00f6rderung Sanierung ist somit eine effektive M\u00f6glichkeit f\u00fcr Hausbesitzer, sich finanzielle Unterst\u00fctzung bei der Sanierung ihrer Immobilien zu holen und dabei von den Vorteilen einer h\u00f6heren Energieeffizienz zu profitieren.<\/p>\n","protected":false},"excerpt":{"rendered":"<p>Bafa F\u00f6rderungen Die BAFA F\u00f6rderung Sanierung ist ein F\u00f6rderprogramm des Bundesamts f\u00fcr Wirtschaft und Ausfuhrkontrolle (BAFA), das Hausbesitzer dabei unterst\u00fctzt, ihre Wohngeb\u00e4ude energieeffizienter zu gestalten. Die F\u00f6rderung richtet sich insbesondere an Hausbesitzer, die eine energetische Sanierung ihrer Immobilie planen oder bereits durchgef\u00fchrt haben. Die BAFA F\u00f6rderung Sanierung umfasst verschiedene F\u00f6rderm\u00f6glichkeiten, die sich an den individuellen [&hellip;]<\/p>\n","protected":false},"author":1,"featured_media":0,"parent":0,"menu_order":0,"comment_status":"closed","ping_status":"closed","template":"","meta":{"_coblocks_attr":"","_coblocks_dimensions":"","_coblocks_responsive_height":"","_coblocks_accordion_ie_support":"","hide_page_title":"","footnotes":""},"class_list":["post-23","page","type-page","status-publish","hentry"],"_links":{"self":[{"href":"https:\/\/www.energieberatung-korn.de\/index.php?rest_route=\/wp\/v2\/pages\/23","targetHints":{"allow":["GET"]}}],"collection":[{"href":"https:\/\/www.energieberatung-korn.de\/index.php?rest_route=\/wp\/v2\/pages"}],"about":[{"href":"https:\/\/www.energieberatung-korn.de\/index.php?rest_route=\/wp\/v2\/types\/page"}],"author":[{"embeddable":true,"href":"https:\/\/www.energieberatung-korn.de\/index.php?rest_route=\/wp\/v2\/users\/1"}],"replies":[{"embeddable":true,"href":"https:\/\/www.energieberatung-korn.de\/index.php?rest_route=%2Fwp%2Fv2%2Fcomments&post=23"}],"version-history":[{"count":6,"href":"https:\/\/www.energieberatung-korn.de\/index.php?rest_route=\/wp\/v2\/pages\/23\/revisions"}],"predecessor-version":[{"id":299,"href":"https:\/\/www.energieberatung-korn.de\/index.php?rest_route=\/wp\/v2\/pages\/23\/revisions\/299"}],"wp:attachment":[{"href":"https:\/\/www.energieberatung-korn.de\/index.php?rest_route=%2Fwp%2Fv2%2Fmedia&parent=23"}],"curies":[{"name":"wp","href":"https:\/\/api.w.org\/{rel}","templated":true}]}}